{"id":47,"date":"2018-09-05T09:43:53","date_gmt":"2018-09-05T07:43:53","guid":{"rendered":"http:\/\/www.geruchsprobleme.de\/?page_id=47"},"modified":"2018-10-17T09:26:55","modified_gmt":"2018-10-17T07:26:55","slug":"muell-presscontainer","status":"publish","type":"page","link":"https:\/\/geruchsprobleme.de\/index.php\/muell-presscontainer\/","title":{"rendered":"M\u00fcll-\/Presscontainer"},"content":{"rendered":"<p><strong><span style=\"color: #ff9900;\">\u00c4RON 3<\/span> Geruchsbinder im M\u00fcll- und Presscontainer<\/strong><\/p>\n<div id=\"attachment_159\" style=\"width: 310px\" class=\"wp-caption alignright\"><img loading=\"lazy\" decoding=\"async\" aria-describedby=\"caption-attachment-159\" class=\"wp-image-159 size-medium\" src=\"https:\/\/geruchsprobleme.de\/wp-content\/uploads\/2018\/10\/M\u00fcllpresse6-300x225.jpg\" alt=\"\" width=\"300\" height=\"225\" srcset=\"https:\/\/geruchsprobleme.de\/wp-content\/uploads\/2018\/10\/M\u00fcllpresse6-300x225.jpg 300w, https:\/\/geruchsprobleme.de\/wp-content\/uploads\/2018\/10\/M\u00fcllpresse6.jpg 384w\" sizes=\"(max-width: 300px) 100vw, 300px\" \/><p id=\"caption-attachment-159\" class=\"wp-caption-text\">Geruchsprobleme in der M\u00fcllpresse<\/p><\/div>\n<p>M\u00fcllpressen komprimieren Abf\u00e4lle auf das kleinstm\u00f6gliche Volumen. Unrat, wie z.B. organische Abf\u00e4lle, die in das Pressgut geraten, verursachen sehr schnell \u00fcble Ger\u00fcche. Durch W\u00e4rme wird der Geruch- und Zersetzungsprozess beschleunigt.<\/p>\n<p>Durch das Bespr\u00fchen mit dem <span style=\"color: #ff9900;\"><strong>\u00c4RON 3<\/strong><\/span>-Wassergemisch, (z.B. 1:10) kann die Standzeit des Containers verl\u00e4ngert werden, ohne dass sich ein \u00fcbler Geruch ausbreitet.<\/p>\n<p><span style=\"color: #ff9900;\"><strong>\u00c4RON 3<\/strong><\/span> deckt hervorragend \u00fcble und unangenehme Ger\u00fcche im Container und verbreitet einen angenehmen Orangenduft.<\/p>\n<p><strong>Einsatzgebiete:<\/strong><\/p>\n<p>M\u00fcll-, Ballen- und Dosenpressen<br \/>\nContainerpressen und Presscontainer<br \/>\nEntsorgungsanlagen f\u00fcr organische, tierische oder pflanzliche Abfall<\/p>\n<p><span style=\"color: #ff9900;\"><strong>\u00c4RON 3<\/strong><\/span> ist ein fl\u00fcssiges Konzentrat und kann mit Wasser verd\u00fcnnt werden. Die Dosierung ist abh\u00e4ngig von dem zu behandelnden Geruchsproblem.<\/p>\n<p>F\u00fcr Ihr individuelles Geruchsproblem berate ich Sie gern pers\u00f6nlich. Rufen Sie mich an.<\/p>\n<p><strong>Gebindegr\u00f6\u00dfen<\/strong><\/p>\n<p>500 ml (VE=8&#215;500 ml)<\/p>\n<p>1 ltr. (VE=4&#215;1 ltr.)<\/p>\n<p>10 ltr.<\/p>\n<p>30 ltr.<\/p>\n<p>200 ltr.<\/p>\n<p>Preise auf Anfrage.<\/p>\n","protected":false},"excerpt":{"rendered":"<p>\u00c4RON 3 Geruchsbinder im M\u00fcll- und Presscontainer M\u00fcllpressen komprimieren Abf\u00e4lle auf das kleinstm\u00f6gliche Volumen. Unrat, wie z.B. organische Abf\u00e4lle, die in das Pressgut geraten, verursachen sehr schnell \u00fcble Ger\u00fcche. Durch W\u00e4rme wird der Geruch- und Zersetzungsprozess beschleunigt. Durch das Bespr\u00fchen mit dem \u00c4RON 3-Wassergemisch, (z.B. 1:10) kann die Standzeit des Containers verl\u00e4ngert werden, ohne dass sich ein \u00fcbler Geruch ausbreitet.<\/p>\n","protected":false},"author":1,"featured_media":0,"parent":0,"menu_order":0,"comment_status":"closed","ping_status":"closed","template":"","meta":{"footnotes":""},"class_list":["post-47","page","type-page","status-publish","hentry"],"aioseo_notices":[],"_links":{"self":[{"href":"https:\/\/geruchsprobleme.de\/index.php\/wp-json\/wp\/v2\/pages\/47"}],"collection":[{"href":"https:\/\/geruchsprobleme.de\/index.php\/wp-json\/wp\/v2\/pages"}],"about":[{"href":"https:\/\/geruchsprobleme.de\/index.php\/wp-json\/wp\/v2\/types\/page"}],"author":[{"embeddable":true,"href":"https:\/\/geruchsprobleme.de\/index.php\/wp-json\/wp\/v2\/users\/1"}],"replies":[{"embeddable":true,"href":"https:\/\/geruchsprobleme.de\/index.php\/wp-json\/wp\/v2\/comments?post=47"}],"version-history":[{"count":3,"href":"https:\/\/geruchsprobleme.de\/index.php\/wp-json\/wp\/v2\/pages\/47\/revisions"}],"predecessor-version":[{"id":160,"href":"https:\/\/geruchsprobleme.de\/index.php\/wp-json\/wp\/v2\/pages\/47\/revisions\/160"}],"wp:attachment":[{"href":"https:\/\/geruchsprobleme.de\/index.php\/wp-json\/wp\/v2\/media?parent=47"}],"curies":[{"name":"wp","href":"https:\/\/api.w.org\/{rel}","templated":true}]}}