{"id":23,"date":"2018-09-03T10:24:47","date_gmt":"2018-09-03T08:24:47","guid":{"rendered":"http:\/\/www.geruchsprobleme.de\/?page_id=23"},"modified":"2018-10-29T08:53:04","modified_gmt":"2018-10-29T07:53:04","slug":"metallbe-verarbeitung","status":"publish","type":"page","link":"https:\/\/geruchsprobleme.de\/index.php\/metallbe-verarbeitung\/","title":{"rendered":"Metallbe-\/verarbeitung"},"content":{"rendered":"<p><strong><img loading=\"lazy\" decoding=\"async\" class=\"size-medium wp-image-25 alignright\" src=\"https:\/\/geruchsprobleme.de\/wp-content\/uploads\/2018\/09\/metall-300x225.jpg\" alt=\"\" width=\"300\" height=\"225\" srcset=\"https:\/\/geruchsprobleme.de\/wp-content\/uploads\/2018\/09\/metall-300x225.jpg 300w, https:\/\/geruchsprobleme.de\/wp-content\/uploads\/2018\/09\/metall.jpg 482w\" sizes=\"(max-width: 300px) 100vw, 300px\" \/>Zur Reinigung und Desinfektion von verschmutzten K\u00fchlschmierstoffsystemen.<\/strong><\/p>\n<p><strong>Eigenschaften:<\/strong><\/p>\n<p><strong><span style=\"color: #ff9900;\">\u00c4RO<\/span>zid 11<\/strong> Systemreiniger (Bohrtankreiniger) hat eine ausgepr\u00e4gte bakterizide und fungizide Eigenschaften<\/p>\n<p><strong><span style=\"color: #ff9900;\">\u00c4RO<\/span>zid 11<\/strong> Systemreiniger hat eine hohe Reinigungskraft<\/p>\n<p><strong><span style=\"color: #ff9900;\">\u00c4RO<\/span>zid 11<\/strong> Systemreiniger ist mit handels\u00fcblichen wassermischbaren Reinigern und K\u00fchlschmierstoffen gut vertr\u00e4glich<\/p>\n<p><strong><span style=\"color: #ff9900;\">\u00c4RO<\/span>zid 11<\/strong> Systemreiniger ist temperaturstabil bis 80\u00b0C<\/p>\n<p><strong>Anwendung:<\/strong><\/p>\n<p><strong><img loading=\"lazy\" decoding=\"async\" class=\"alignright size-medium wp-image-166\" src=\"https:\/\/geruchsprobleme.de\/wp-content\/uploads\/2018\/10\/\u00c4ROZID-Systemreiniger-2-225x300.jpg\" alt=\"\" width=\"225\" height=\"300\" srcset=\"https:\/\/geruchsprobleme.de\/wp-content\/uploads\/2018\/10\/\u00c4ROZID-Systemreiniger-2-225x300.jpg 225w, https:\/\/geruchsprobleme.de\/wp-content\/uploads\/2018\/10\/\u00c4ROZID-Systemreiniger-2-768x1024.jpg 768w\" sizes=\"(max-width: 225px) 100vw, 225px\" \/><\/strong><strong><span style=\"color: #ff9900;\">\u00c4RO<\/span>zid 11<\/strong> Systemreiniger wird zu 0,5-1,0 % dem wassergemischten K\u00fchlschmierstoff oder der<\/p>\n<p>Reinigerl\u00f6sung zugegeben. Die anschlie\u00dfende Einwirkdauer sollte mindestens 8 Stunden betragen.<\/p>\n<p>Nach der Zugabe des Produktes muss der Produktionsprozess nicht unterbrochen werden und es kann weiterhin bearbeitet bzw. gereinigt werden. Nach der Einwirkzeit K\u00fchlschmiermittel absaugen und fachgerecht entsorgen.<\/p>\n<p>F\u00fcr Ihr individuelles Geruchsproblem berate ich Sie gern pers\u00f6nlich. Rufen Sie mich an.<\/p>\n<p><strong>Gebindegr\u00f6\u00dfen<\/strong><\/p>\n<p>5 ltr.<\/p>\n<p>25 ltr.<\/p>\n<p>Preise auf Anfrage.<\/p>\n","protected":false},"excerpt":{"rendered":"<p>Zur Reinigung und Desinfektion von verschmutzten K\u00fchlschmierstoffsystemen. Eigenschaften: \u00c4ROzid 11 Systemreiniger (Bohrtankreiniger) hat eine ausgepr\u00e4gte bakterizide und fungizide Eigenschaften \u00c4ROzid 11 Systemreiniger hat eine hohe Reinigungskraft \u00c4ROzid 11 Systemreiniger ist mit handels\u00fcblichen wassermischbaren Reinigern und K\u00fchlschmierstoffen gut vertr\u00e4glich \u00c4ROzid 11 Systemreiniger ist temperaturstabil bis 80\u00b0C Anwendung: \u00c4ROzid 11 Systemreiniger wird zu 0,5-1,0 % dem wassergemischten K\u00fchlschmierstoff oder der Reinigerl\u00f6sung zugegeben.<\/p>\n","protected":false},"author":1,"featured_media":0,"parent":0,"menu_order":0,"comment_status":"closed","ping_status":"closed","template":"","meta":{"footnotes":""},"class_list":["post-23","page","type-page","status-publish","hentry"],"aioseo_notices":[],"_links":{"self":[{"href":"https:\/\/geruchsprobleme.de\/index.php\/wp-json\/wp\/v2\/pages\/23"}],"collection":[{"href":"https:\/\/geruchsprobleme.de\/index.php\/wp-json\/wp\/v2\/pages"}],"about":[{"href":"https:\/\/geruchsprobleme.de\/index.php\/wp-json\/wp\/v2\/types\/page"}],"author":[{"embeddable":true,"href":"https:\/\/geruchsprobleme.de\/index.php\/wp-json\/wp\/v2\/users\/1"}],"replies":[{"embeddable":true,"href":"https:\/\/geruchsprobleme.de\/index.php\/wp-json\/wp\/v2\/comments?post=23"}],"version-history":[{"count":7,"href":"https:\/\/geruchsprobleme.de\/index.php\/wp-json\/wp\/v2\/pages\/23\/revisions"}],"predecessor-version":[{"id":174,"href":"https:\/\/geruchsprobleme.de\/index.php\/wp-json\/wp\/v2\/pages\/23\/revisions\/174"}],"wp:attachment":[{"href":"https:\/\/geruchsprobleme.de\/index.php\/wp-json\/wp\/v2\/media?parent=23"}],"curies":[{"name":"wp","href":"https:\/\/api.w.org\/{rel}","templated":true}]}}